 -8*p**2 - 21*p + 28. Let w(g) = 24*g**2 + 55*g - 80. Let u(r) = -11*n(r) - 4*w(r). Give u(-1).
-7
Suppose 5*v = -7*x + 2*x - 20, v = 2*x + 11. Let b(a) be the first derivative of -11*a**4/4 + 2*a**3/3 - a + 6. Calculate b(v).
-10
Let a(q) = -q**3 + 3*q**2 - 5*q + 1. Let v(c) = 3*c**3 - 12*c**2 + 21*c - 2. Let g(d) = -9*a(d) - 2*v(d). Determine g(2).
13
Let b(t) = -t**2 - t + 10. Let f(g) = 4 - 13*g**2 + 0*g**2 + 2*g + 9*g**2 + g**2. Let x be f(2). Determine b(x).
-2
Let v(j) = 3*j - 27. Suppose -3*f = -5*d + 2*d - 12, 5*f = d + 12. Let b be (-6)/8*d + (-38)/(-4). Calculate v(b).
6
Let b be (2/(-4))/(16/64). Let c(i) = 0*i - 3*i**2 - i + 37*i**3 + 4*i**3 - 1 - 42*i**3. Determine c(b).
-3
Let r(n) = 19247*n - 9631*n - 9632*n. Let c(b) = 2*b + 6. Let l be c(-4). Let v be l*3/6*-1. Calculate r(v).
-16
Let j(q) = -q**2 - 19 - 2*q + 2*q**2 - 5*q. Let l be (-7 - (60 + -98)) + -11*2. Calculate j(l).
-1
Let q(v) = -v**3 + 7*v**2 - 15. Let g = -10258 - -10265. Give q(g).
-15
Suppose 2*i + 2*d - 4 = 0, -5*i = -d - d + 4. Suppose 5 = j - i. Let n(v) = -646 - v**2 - v + 8*v - v**3 + 642 + 5*v**2. Give n(j).
6
Let i(f) be the first derivative of f**4/12 - 4*f**3/3 - 40*f**2 - 82. Let a(u) be the second derivative of i(u). What is a(7)?
6
Let x(q) = q**3 - 9*q**2 + q - 4. Let p(y) = 51*y + 60. Let l be p(-1). Determine x(l).
5
Let a(z) = 4*z**2 + z - 77. Let t be a(4). Let c(d) = d**3 + 9*d**2 - 3*d - 4. Give c(t).
23
Let r(p) = p**3 - 8*p**2 + 7*p + 4. Suppose -2*l = -6*u + 14, -5*l + 0*u + 45 = u. Determine r(l).
60
Let k(f) be the third derivative of -1/24*f**4 + f**3 + 0*f + 0 + f**2. Let z = 2572 - 2566. Calculate k(z).
0
Let p(l) = 42*l**2 - 67*l + 37. Let r(c) = -115*c**2 + 202*c - 110. Let i(z) = 11*p(z) + 4*r(z). Determine i(-36).
3
Let k(y) = -y**3 - 3*y**2 - 2*y - 2. Let w be (1 - -1)/2*(-9)/3. Let n be k(w). Let p(r) = -r + 2 - n*r + r**2 + 4 + 0*r. What is p(4)?
2
Let c(t) = -16*t**2 + 99*t + 15. Let h(v) = 3*v**2 - 18*v - 3. Let m(o) = -2*c(o) - 11*h(o). Calculate m(0).
3
Suppose 0 = -5*r - 25, 15*a - 10*a - 3*r = 85. Let f(c) = -8*c + 115. Calculate f(a).
3
Let b(p) = 2*p. Let j = -93 - 3. Let k = j - -94. Determine b(k).
-4
Let h = -430 + 432. Let g(o) = -10 + h + 2 - 3*o. Suppose 3*t = -0*t - 3*z - 15, -4*t - 2*z = 18. Determine g(t).
6
Let u(p) = p - 1. Let k = 53 - 25. Suppose -5*h + 140 = v, 2*h + v + k = 3*h. Suppose -83*n - h = -87*n. Determine u(n).
6
Let i(g) = -g**2 + g + 51. Let x = -8861 - -8868. Calculate i(x).
9
Suppose -205 = 36*c - 158*c + 39. Suppose 0 = 2*h + 2*h. Suppose c*k + 4*d = 2*d + 4, 5*k + 3*d = h. Let f(i) = -i**2 - 3*i + 2. Determine f(k).
2
Let z(x) = -1 - 5 - 2*x + 3. Let r(c) = -c**2 - 438*c + 1323. Let m be r(3). What is z(m)?
-3
Let f(t) = t**2 - 14. Suppose -16 = 4*u - 0*u, -4*c - 4*u - 16 = 0. Suppose 3*q + 2*g + 8 = c, 5*q + 2*g = q - 8. Calculate f(q).
-14
Let i(y) = -173227 - 4*y**3 - 18*y + 173223 - 16*y**2 + 5*y**3. Give i(17).
-21
Let c be (-4)/3*(-13 + 16). Let t(n) = n**3 + 3*n**2 - 4*n - 1. Let u be t(c). Let v(b) = 2*b**2. Give v(u).
2
Let u(f) be the second derivative of 17/20*f**5 + 1/12*f**4 - 9 - 3*f - 1/6*f**3 + 0*f**2. Calculate u(1).
17
Let a(x) be the second derivative of 0*x**2 + 5 - 4*x + 4/3*x**3. Calculate a(1).
8
Let r(b) = b + 12. Let c(u) = 15 + 25 - 28 + u. Let z(m) = -5*c(m) + 6*r(m). Give z(-9).
3
Let j(y) be the third derivative of y**6/120 - y**5/5 - 7*y**4/12 - 5*y**3 + 3*y**2 - 1532*y. What is j(13)?
-43
Let k = 51 - 46. Let g(l) = -3 + 122*l**2 + l**3 + 119*l**2 + k*l - 236*l**2. Calculate g(-4).
-7
Let z(w) = -2*w**2 - 239*w + 440*w + 4 - 199*w. Suppose k + 2 = -k + 4*i, -2*k + 3*i = 0. What is z(k)?
-8
Let i(k) = 9 + 6 + 4*k + 3 - 9 - 1. Give i(-9).
-28
Let u be (9/6)/(9/24). Let y(x) = 17*x**2 - 47*x + 12. Let z(r) = 19*r**2 - 52*r + 12. Let d(p) = -9*y(p) + 8*z(p). Determine d(u).
0
Let z(h) be the second derivative of -h**4/6 - 6*h**3 + 11*h**2/2 + 1379*h. What is z(-19)?
-27
Suppose -d = -n + 3*d + 17, -n + 5*d = -22. Let l be 17 + (n - 8/(-4)). Suppose y = 5*c + 55 - l, 0 = -c + 2*y - 15. Let t(v) = v**2 + 7*v - 5. Determine t(c).
-5
Let d(o) = -2*o**3 - 2*o**2 + 2*o - 1. Let u = 32 - 28. Suppose 5*h + 8 = 2*c, c - u = -0*c - 3*h. Suppose -12 = c*m - 4, -5 = 5*w + 5*m. Calculate d(w).
-3
Let n(o) = 9*o**2 + o + 2. Suppose -7*v = 510 - 230. Let k be (-516)/108 + 5 - v/(-18). Give n(k).
36
Suppose -7*c - 27 = -243 - 162. Let i(q) = 3*q - 156. Give i(c).
6
Let r(b) be the first derivative of 2*b**3/3 - b**2 - 2*b + 2. Suppose 144*w - 106 - 265 = 61. What is r(w)?
10
Let f(w) = 3*w + 1071 - 10*w**2 - 535 - 540. Determine f(1).
-11
Let b(a) = 2*a**2 - 8*a - 14. Let v be b(-3). Let l(k) = -51*k**2 - k**3 + 3 + 22*k**2 + 3*k + v*k**2. Give l(-3).
12
Let a = -600 - -601. Let r be (7 - 4)*20/(-15)*a. Let j(m) = -m**3 - 5*m**2 + 2*m + 3. What is j(r)?
-21
Let x(g) = -g + 1. Let h(b) = 10*b - 6. Let l be h(1). Suppose 0*m = 3*r + m + 14, -l*m + 22 = -r. Give x(r).
7
Let o(y) be the first derivative of 8/3*y**3 + y**2 - 1/4*y**4 - 11*y - 10. Determine o(8).
5
Let q(j) be the third derivative of j**5/60 + 7*j**4/24 - j**3/3 + j**2. Suppose c = x - 6, -7*c + 4*c - 2*x - 23 = 0. Give q(c).
-2
Suppose 1530*g - 1524*g = 3 - 117. Let t(b) = -b**2 - 17*b + 50. Calculate t(g).
12
Let i be (-4)/(-18) + (-280)/45. Let d(g) be the third derivative of g**5/60 + 5*g**4/24 - 3*g**3/2 - 16225*g**2. What is d(i)?
-3
Let p(y) = 2*y**2 - 17*y + 25. Let r(a) = -93*a - 179. Let o be r(-2). Calculate p(o).
4
Let v(i) = -137*i**2 - 30*i - 214. Let n(h) = -34*h**2. Let u(d) = 4*n(d) - v(d). Give u(-19).
5
Let z(h) = -86*h - 511. Let g be z(-6). Suppose 3 = -2*u + 3*u + g*w, -29 = 5*u + 3*w. Let b(a) = -a**3 - 7*a**2 + 4*a + 4. Give b(u).
-24
Let s be 2 + 8 - (-42 - -15 - -41). Let o(z) = 3 + 0 - 2 + z. What is o(s)?
-3
Suppose -3*b - 3*c = -6 + 3, 3*c + 3 = 3*b. Let i = 4 + b. Suppose -i*q = 3*q - 32. Let p(a) = a**2 - 2*a - 2. Calculate p(q).
6
Let l(b) = -b**3 + 126 + b**2 + 108 - 363 - 4*b + 113 + 3*b. Let j be (-2)/(-3) - (-6)/(-9). Calculate l(j).
-16
Let l(u) = -2*u**2 - 13*u - 3. Let h be l(-6). Suppose -t + 6*t - 57 = -h*b, 5*b = 3*t - 41. Let q(x) = 2 - 9*x**2 + t*x**2 - 2. Give q(-1).
3
Let k(w) = -7*w. Let c be 3/(-6)*(5 - 4)*-4. Suppose -c*q = -2*t + 4, -2*q - 7 + 2 = -3*t. Determine k(q).
7
Let g be 1 + -2 - 1*-4. Suppose -3*r = -0 + g. Let l(c) = 11*c - 1894. Let f(u) = u - 379. Let j(x) = 5*f(x) - l(x). What is j(r)?
5
Let y(l) be the first derivative of -24*l + 12 + 1/3*l**3 - 1/2*l**2 + 1/4*l**4. Let d(t) = -t**2 - 2*t - 1. Let x be d(-1). What is y(x)?
-24
Let n(l) = -l - 5. Suppose 0 = s - 7*s + 7*s. Suppose s = 5*w - 11 + 36. Let h be (1/w)/((-12)/30)*10. Give n(h).
-10
Suppose -3*n = -4*w - 59, 6*w + 3*w - 5*n + 124 = 0. Let k(y) = -2*y - 32. Let q(m) = -m - 15. Let t(f) = -4*k(f) + 9*q(f). What is t(w)?
4
Let m(a) = a - 8. Suppose -2027 = 3*o + w + 255, -4*o - 4*w - 3048 = 0. Let t = o + 766. Calculate m(t).
-2
Let s(a) = -a**2 - 11*a - 39. Let l(g) = g**2 - 38*g - 803. Let q be l(-15). Calculate s(q).
-15
Let t(y) = y + 0*y**2 + 33 - 31 - 3*y**2 + 2*y**2. Suppose 2*i + p - 4 = 0, -4*i - p + 3*p = -8. Determine t(i).
0
Let r be (977 + -7 - 5) + 4. Let g(k) = -k - 20 + 15*k + 12*k**2 + 968*k**3 - r*k**3. Calculate g(13).
-7
Let s(z) = z**3 - 15*z**2 + 26*z + 5. Let g(x) = -x**3 - 63*x**2 + 113*x + 3149. Let d be g(-64). What is s(d)?
5
Let r(n) = -60*n - 22*n - 29 - 175 - 595 - 18*n. Calculate r(-8).
1
Let d(n) be the first derivative of n**2 + 64. Let f(j) = j + 1. Let b(a) = -2*d(a) - f(a). Give b(3).
-16
Let w(g) = -20*g**2 - 41*g - 39. Let y(q) = -63*q - 7*q**2 + 102*q - 14 - 53*q. Let u(s) = -6*w(s) + 17*y(s). Give u(-7).
-11
Let o be (-1 + -3)*5/4. Let j(f) = f**2 + 23*f + 7. Let u(a) = -3*a. Suppose 0 = 7*y - 11*y - 24. Let s(r) = y*u(r) - j(r). Give s(o).
-7
Let c be ((-2)/(-6))/(2/78). Suppose 3*n + 0 = 2*p - 5, 3*n - 4*p = -c. Let m(l) = 6*l**3 - l**2 + l - 1. Let g be m(n). Let v(s) = -s - 7. What is v(g)?
-12
Suppose 7*i + 3*i - 7*i = 6. Let w(x) be the second derivative of 10*x + 0 + 2*x**i + 1/3*x**3. Determine w(-4).
-4
Let l(n) = n + 8. Let d(p) = p**2 + 14*p + 25. Let g(h) = -h**2 - 10*h + 28. Let y be g(-13). Let c be d(y). Determine l(c).
0
Let y(w) = w - 3.